/(-1). What is the remainder when 88 is divided by 4/22 + x/11?
19
Let c be -1 + 1 + -1 + -22. Let v = -19 - c. Calculate the remainder when 12 is divided by v.
0
Suppose -6*n - 3 = -15. Suppose 2*o + 9 - 1 = 0, 0 = -n*u - o + 106. Calculate the remainder when 109 is divided by u.
54
Let x(m) = m**2 + 11*m + 14. Suppose -4*j + 80 = -12*j. Let d be x(j). Let y = d + 4. Calculate the remainder when y is divided by 5.
3
Calculate the remainder when 138 is divided by 1062/(-96) + 11 - (-4467)/48.
45
Let p(u) = u**2 + 2*u + 3. Suppose l = -5*z - 26, 3 = l + 4. Calculate the remainder when 53 is divided by p(z).
17
Let s(o) = 3*o - 53. Let c be s(18). Calculate the remainder when 43 is divided by 1/(-3) + (c - 469/(-21)).
20
Let g(a) be the first derivative of -a**2/2 + a - 25. Calculate the remainder when 29 is divided by g(-9).
9
Suppose -12 = -2*j - 2*j. Suppose 119 = 4*u + 5*l, -u - 15 + 49 = -j*l. Calculate the remainder when u is divided by 8.
7
Suppose 2479 = 24*o + 13*o. Calculate the remainder when 124 is divided by o.
57
Let d = 125 + -22. Let z(a) = 8*a - 94. What is the remainder when d is divided by z(15)?
25
Calculate the remainder when (305/(-20))/((-5)/20) is divided by 21.
19
Suppose -14 = -4*q - 2. Suppose -199 = -q*n - 5*v + 71, 3*v - 349 = -4*n. Calculate the remainder when n is divided by 29.
27
Let o(f) = -12*f + 115. What is the remainder when o(-10) is divided by 77?
4
Let k(d) = 4*d - 19. Let h be k(5). What is the remainder when h/(4 - (-942)/(-236)) is divided by 12?
10
Let k = 150 + -11. Suppose 0 = 13*n - 166 - 445. What is the remainder when k is divided by n?
45
Let c(l) = l**3 - 6*l**2 - 3*l - 8. Let k be c(7). Suppose -48 = -2*v + k. Suppose 2*q + q - 40 = u, -2*u = q - 4. What is the remainder when v is divided by q?
10
Suppose -5*b + 5*s + 4 = -11, 5*b - 17 = 4*s. What is the remainder when -1 + 148 + (b - 4) is divided by 25?
23
Suppose 7*x = 4*x + 12. What is the remainder when (-5)/((-10)/502) + x/(-1) is divided by 50?
47
Suppose d + 1 + 6 = 3*a, -5*a = -3*d - 1. Calculate the remainder when 143 is divided by d.
7
Let z(w) = -w**2 + 29*w - 96. Calculate the remainder when 108 is divided by z(6).
24
Suppose -25 = -3*o + 56. Let h = 24 + o. Suppose -2*x - 5*g = -h, -3*x + 31 = -5*g - 8. Calculate the remainder when 35 is divided by x.
17
What is the remainder when 78 is divided by -185*(-8)/160 - 3/(-4)?
8
Suppose -3*i = 5*k - 3, 4*i + 33 - 5 = 4*k. What is the remainder when k is divided by (-122)/2623 + 45/43?
0
Let r be -2 - 0 - (-45)/3*5. Let l = r + -60. What is the remainder when 36 is divided by l?
10
Let q = 61 - 55. What is the remainder when 98 is divided by (6/4)/(q/132)?
32
Let i(r) = -r**3 + r**2 + 9*r + 7. Let u be i(6). Let z = 202 + u. What is the remainder when z is divided by 21?
20
Let m be (0*(-5 - -4) + 15)*5. Suppose 0*c = -5*c + m. Calculate the remainder when c is divided by -1*2/2 - -10.
6
Suppose 7*h - 3*h - 40 = 0. What is the remainder when 155/4 - (-13)/52 is divided by h?
9
Suppose 20 = -5*y + 4*b + 79, 2*y + b = 21. What is the remainder when (310/(-15))/(6/(-9)) is divided by y?
9
Suppose 4*r - 186 = -30. Calculate the remainder when 96 is divided by r.
18
What is the remainder when (-5 - 321/(-6))/(2/4) is divided by 11?
9
Let a(f) = -f**2 - 5*f + 6. What is the remainder when 413 is divided by a(0)?
5
Suppose 2*j - 4*f + 5 = 3*j, 5*j - 4*f = 1. Let i(d) = 19*d - 4. Calculate the remainder when i(j) is divided by 8.
7
Suppose 0*t = 3*t + 6, -8 = -3*u - 2*t. Suppose o - 15 = -u*o. What is the remainder when 13 is divided by o?
1
Suppose -78 = -11*z + 934. Calculate the remainder when z is divided by 26.
14
Let c = -82 - -86. Suppose c*h - 11 = -2*a + 19, 0 = -5*h + 4*a + 44. Calculate the remainder when 13 is divided by h.
5
Suppose 0 = -3*a - 3044 + 3302. What is the remainder when 164 is divided by a?
78
Let a = -122 + 188. Let m = a - 52. Calculate the remainder when 25 is divided by m.
11
Let s(r) = -r**2 + 10*r - 7. Let f = -9 + 12. Suppose 22 = f*b + 7. What is the remainder when s(4) is divided by b?
2
Let u(q) = -q - 1. What is the remainder when 180 is divided by u(-14)?
11
Let a(m) = 249*m**2 + m - 1. Suppose -4 = 4*w, 171 = d + 3*d - 3*w. Calculate the remainder when a(1) is divided by d.
39
Suppose 244 + 200 = 4*i. What is the remainder when i is divided by 59?
52
Let t be -2*((-6)/15 + 21/(-10)). Suppose -6*m + m = -t, -r + m = -12. What is the remainder when r is divided by 6?
1
Calculate the remainder when 21 is divided by (36/(-16))/(3/(-16)).
9
Suppose -3*o - t + 112 = -49, 5*t + 75 = o. What is the remainder when o is divided by (0 + 16/(-20))*-35?
27
Let t(c) = 3*c - 8 - 964*c**2 - c + 971*c**2. Let f = -4 + 20. What is the remainder when t(3) is divided by f?
13
Let p = 2052 + -1977. What is the remainder when p is divided by 39?
36
Suppose -6*q = -8*q + 298. Suppose 5*g - 2*n - q = -0*n, -3 = -n. Calculate the remainder when 245 is divided by g.
28
Let q = 100 - 6. What is the remainder when q is divided by (42/(-35) + 2)/(2/30)?
10
Let h = 3 + 6. Suppose -2*o = 5*q + 3*o - 20, 2*q - 32 = 4*o. Suppose 2*a - 14 = a - 2*v, 2*a - v = q. Calculate the remainder when h is divided by a.
3
What is the remainder when (6/15 - 30/(-50)) + 55 is divided by 22?
12
Let p = 217 + -147. Suppose -4*m = 3*g + 88, m - 24 = g + 5*m. Let s = -8 - g. What is the remainder when p is divided by s?
22
Suppose -27 = -5*u - q, -3*u + 4*q = u - 12. Suppose -77*a = -67*a - 290. What is the remainder when a is divided by u?
4
Let z(v) = 21*v**2 - 4*v - 26. What is the remainder when z(-3) is divided by 15?
10
Let y(d) = -2*d**3 - 17*d**2 - 17*d - 51. Calculate the remainder when 29 is divided by y(-8).
8
Suppose 19 = 2*q - 29. Suppose q*l = 25*l - 2. What is the remainder when 6 is divided by l?
0
Suppose x + 5*c = 29, 78*c = 4*x + 82*c - 84. Suppose m = 2*j - 152, m = j - 3*m - 83. What is the remainder when j is divided by x?
18
Suppose -3*a - 5 - 1 = 0. Let h be -3 + (8/(-12))/(2/(-3)). Calculate the remainder when (h - -4 - a) + 76 is divided by 28.
24
Let w(j) = j**3 + 7*j - 22. Calculate the remainder when w(4) is divided by 24.
22
Let k = -6 + 18. Let o(d) = -d**2 + 11*d + 15. Let l be o(k). Suppose 18 - 82 = -4*z + l*s, -4*z + 92 = 4*s. What is the remainder when z is divided by 10?
9
Let h(q) = -13*q. Suppose 4*b - 61 = -5*d, d + 10 = b - 3. Calculate the remainder when h(-2) is divided by b.
12
Let h(i) = -i**2 + 17*i - 27. Let t be 0 - (-5)/((-5)/(-12)). Suppose -7*l + 48 = -3*l. Calculate the remainder when h(t) is divided by l.
9
Let k(d) = 41*d + 3. Let j be -12*(3 + -2)/(-3). Suppose -5*g + v = -v - 153, j*v + 45 = g. Calculate the remainder when k(2) is divided by g.
27
Let j be -10 - (-2 - (-2 - 3)). Let l = -8 - j. Calculate the remainder when l is divided by 3.
2
Suppose -i = w - 2, -3*i = 5*w - 4*i - 28. Suppose 4*c = -5*v + 210, 3*c = w*v + 2*c - 210. Calculate the remainder when v is divided by (6 - 117/15)/(3/(-25)).
12
Let t = 812 - 756. Calculate the remainder when t is divided by 230/8 + 1/4.
27
Let k = 169 - 100. Suppose 8*c + 1 = 145. Calculate the remainder when k is divided by c.
15
Let x(s) = -s**3 - 5*s**2 + 45*s + 248. Let w = 71 + -11. What is the remainder when w is divided by x(-7)?
29
Suppose -5*n + 61 + 33 = -k, 4*k = n - 338. Calculate the remainder when 30 is divided by k/7*(-4)/3.
14
Suppose 31*o - 164 - 208 = 0. What is the remainder when 18 is divided by o?
6
Let l be (4 - 22/6)/((-1)/(-3)). Let h(f) = 9*f**3 - 2*f**2 + 2*f - 1. What is the remainder when h(l) is divided by 6?
2
Let x be (-1)/3*(2 + -503). Let v = x + -97. What is the remainder when v is divided by 24?
22
Suppose -25*h + 10*h + 1290 = 0. What is the remainder when h is divided by 23?
17
Suppose -r = 5*p - 39, r - 2*p - 68 = -3*r. What is the remainder when r is divided by 15?
4
Suppose 1079 = 9*k + 350. Calculate the remainder when k is divided by 21.
18
Let d(a) = a**2 + 137. Let m be d(0). Let o = 219 - m. What is the remainder when o is divided by 44?
38
Suppose 7*n - 2*n = 125. Let t = 70 - n. What is the remainder when t is divided by 12?
9
Let n = -25 - -40. Let i(s) = -10*s - 1. Let r be i(1). Let v(h) = -2*h + 22. What is the remainder when v(r) is divided by n?
14
Le